 - 9. Let p(o) = 2*o**3 + 3*o - m*o - o. Determine p(-1).
-1
Let o(h) = h**2 + 8*h - 2. Let u = 13 - 19. Give o(u).
-14
Let q(h) = -6*h**2 + 1. Let a be q(1). Let i(d) = -d. Calculate i(a).
5
Suppose 4*x = 2*x. Let j(i) = 3*i**2 + x*i**2 - 4*i**2 + 1. Calculate j(-2).
-3
Let n(q) = -2*q**2 - q. Suppose 4*b - 14 = -5*v - 44, -3*v - 26 = 4*b. Calculate n(v).
-6
Let w(i) = -i**3 - 5*i**2 + 5*i - 2. Let g(b) be the second derivative of -b**5/20 - b**4/2 - 3*b**2 - 5*b. Let j be g(-6). Calculate w(j).
4
Let p(j) = -j**3 + j**2 - 7*j + 5. Let m(f) = 2*f**3 - f**2 + 15*f - 11. Let q(n) = -2*m(n) - 5*p(n). Determine q(3).
12
Suppose h = -0*s - 5*s + 7, 3*s + 35 = 5*h. Let k(c) = c**3 - 6*c**2 - 8*c + 1. Calculate k(h).
-6
Let c(n) = n**2 + 5*n - 2. Let u be c(-6). Let i(o) = 5 - 4 + 0*o - u + 2*o. Calculate i(3).
3
Let q(v) be the second derivative of -v**5/20 - v**4/3 + v**3/6 - v**2/2 - 18*v. What is q(-4)?
-5
Let g(o) = 2*o**2 + 15 - 17 - 6*o + 6 - o**3 - 10*o**2. Let l = 11 + -18. Determine g(l).
-3
Suppose 38 = 4*s - 22. Let m(d) = -12*d + 1 + d**2 + 0 + s*d. Determine m(-3).
1
Let z(q) = q - 3 - 2 - 2. What is z(5)?
-2
Let m(g) = -g**3 - g**2 - 1. Let a(y) = 4*y**3 + 10*y**2 - 9*y + 3. Let w(i) = a(i) + 3*m(i). Calculate w(-8).
8
Let r be 12/4 - 8/2 - -5. Let z(s) = -3*s + 6. What is z(r)?
-6
Let m(p) = -p**2 + p + 1. Let v be (1*(-4 - -3))/1. Let t(b) = 2*b**2 - 7*b - 4. Let k(c) = v*t(c) - 5*m(c). Determine k(-2).
7
Let y(i) be the third derivative of -i**5/60 - i**4/3 + i**3/6 + 3*i**2. Determine y(-8).
1
Suppose 5*o + 15 = 4*q, -4*q - 5*o - 12 = -o. Let f = q + 0. Let a(h) = 8 + 11*h + 5*h - 17*h - 1. Determine a(f).
7
Suppose 0 = 4*i - 5*p - 53, 3*p - 7 = -3*i - 1. Let n(o) = 2*o - 8. Give n(i).
6
Let n(l) = 2*l. Suppose -p = -o - 5, -4*p = -2*o - 3*o - 22. Suppose -6*t + p*t = 9. Give n(t).
-6
Let q(r) = -4*r + 5. Let c(j) = j**2 + 12*j - 4. Let t be c(-12). Calculate q(t).
21
Suppose -2*r - 6 = 0, 14 = 4*y - 5*r - 1. Let m(p) = 0 - 8 + 15 - 6 + p. Calculate m(y).
1
Let b(p) = -p**3 + 2*p**2 - 1. Suppose -21 = -2*n - 25. Let l be (-10)/10 - 0/n. Determine b(l).
2
Let b(s) = 9*s. Let c = -7 - -4. Let y be (-2)/(-2)*(-4 - c). Calculate b(y).
-9
Let o(d) = 13*d**3 + 1. Let z = -6 - -7. Calculate o(z).
14
Let b(j) = j**3 + 10*j**2 + 10*j + 12. Suppose -9 = 2*o + 3*u, -3*o - 14 = 5*u - 2. Determine b(o).
3
Let a(k) = 0 - 3*k + 5 + k**2 - 2. Let t be a(2). Let d(o) = 6*o**2 + o. Give d(t).
7
Suppose d + 26 = 3*j, 2*d + 5 = d. Let v(h) = -h**2 + 8*h - 9. What is v(j)?
-2
Let s(q) be the third derivative of -q**6/120 + q**5/15 + q**4/12 - q**3 + q**2. Let b = 1 + 2. Let v be b*(-6)/(-3) - 2. Give s(v).
2
Let w(a) be the first derivative of -a**3/3 - 3*a**2/2 + 4*a - 1. Suppose -4*h = 3*h + 35. What is w(h)?
-6
Let d(n) = 5*n**2 - 14*n + 2. Let h(x) = 2*x**2 - 5*x + 1. Let c(t) = -3*d(t) + 8*h(t). Let i(p) be the first derivative of c(p). Calculate i(-4).
-6
Let h be 4/18 + (-86)/(-18). Let t(q) = q**2 - 5*q + 1. Let f be t(h). Let n(z) = 8*z + 2. Let v(m) = -8*m - 3. Let s(k) = 4*n(k) + 3*v(k). What is s(f)?
7
Let p(f) = -f**2 + f. Let b(z) be the second derivative of z**4/12 + z**3/3 + z**2/2 + z. Let q(t) = b(t) - 3*p(t). Determine q(1).
4
Let l(w) = -w**3 + 4*w**2 - 2*w - 3. Let p be 2/(-3*1/(-6)). Let m = 7 - p. Give l(m).
0
Let l(w) = 3*w - 6. Let z = 59 + -53. Give l(z).
12
Let r(z) = z**2 + 4 - 2*z**2 - 3 - z. Let h be r(0). Let x(d) = d**2 - d + 1. Let l(v) = -v + 2. Let y(o) = -l(o) + 2*x(o). Give y(h).
1
Let j(w) be the second derivative of -w**6/720 - w**5/40 + 5*w**4/12 - 6*w. Let o(y) be the third derivative of j(y). Suppose -2*t - t = 0. Calculate o(t).
-3
Let t = -16 + 13. Let l(b) be the first derivative of b + 1 + 1/2*b**2. What is l(t)?
-2
Let m be 3/((-20)/8 - -2). Let t(o) = o**3 + 5*o**2 - 6*o - 2. Give t(m).
-2
Let x(z) = -7*z - 3*z + 13 - 13. Calculate x(1).
-10
Let u = 4 - 4. Suppose u*n + 6 = -n. Let o(i) = 2*i + 8. Calculate o(n).
-4
Let w = 2 - 4. Suppose -6 + 14 = -4*g - 4*h, -2*h = -4*g + 22. Let x(q) = -g*q + 2*q + 0*q. What is x(w)?
2
Let l(s) = -s + 6. Let h(i) = 1. Let o(c) = 2*h(c) + l(c). Let k(d) = d**3 + 3*d**2 + d - 2. Let y be k(-2). Suppose y = -3*v - 0*v. Determine o(v).
8
Let o be 1 - (3 - (7 + -3)). Let d(p) = p**2. Determine d(o).
4
Let k = 8 - 11. Let x(r) = 2*r - 3. Calculate x(k).
-9
Suppose -4*l + 3*s + 2*s = -44, -3*l - 5*s = -33. Let q = l + -12. Let r(o) = 8*o + 1. Calculate r(q).
-7
Let h(c) be the first derivative of 2*c**3 + 1/2*c**2 + 0*c + 4. Determine h(-1).
5
Let l(a) = -3*a + 15 - 15 + 2*a. What is l(-1)?
1
Let c(z) = z**2 - 2. Suppose -r + 2 = 1. Let w be 2/(-2) - (-8)/(-2). Let f be r/5 - (-16)/w. Calculate c(f).
7
Let g(j) = 2*j + 3. Suppose -2*a - 10 = -34. Let z = -17 + a. Give g(z).
-7
Let f = 1 + -1. Let t = -6 + 12. Let o(a) = t - 3*a**3 + 4*a**3 + 3*a**3 - 3*a**3. Determine o(f).
6
Suppose n = -2*m + 10, -2*m + 1 = 2*n - 11. Let l(x) = 4 - n*x**3 + 3*x - 2*x**2 - 4 + x**3. Give l(2).
-10
Let b(z) = -2*z. Let y(o) = o. Let g(u) = -b(u) - 3*y(u). Calculate g(-3).
3
Let f(o) be the second derivative of -o**4/12 + o**3/6 - o**2 - o + 27. Determine f(2).
-4
Suppose -3*b = 3*t + 516, b - 4*t + 3*t = -164. Let s be b/(-36) - 2/(-6). Let m(o) be the second derivative of o**4/12 - 5*o**3/6 - 2*o**2 + o. Determine m(s).
-4
Let b(g) = -4*g - 6. Let n(s) = 7*s + 11. Let f(o) = -5*b(o) - 3*n(o). Calculate f(-4).
1
Let z(c) = -11*c**2 + 16*c + 6. Let w(f) = -5*f**2 + 8*f + 3. Let o(k) = 9*w(k) - 4*z(k). Calculate o(7).
10
Let d(x) be the third derivative of -1/120*x**6 - 4*x**2 + 0*x**4 + 0 + 0*x + 2/3*x**3 + 0*x**5. Let g be (-4)/10 + 2/5. What is d(g)?
4
Suppose -2*i + 3*i - m - 2 = 0, -3*m + 4 = -i. Let f(k) = -k**2 - 6*k - 1. Let c be f(-5). Let d(u) = u + 1 + 6*u**2 - c - 6*u - u**3. Calculate d(i).
-3
Let f be (6/(-4))/3*-4. Suppose -m + 0 = f. Let a = -3 - m. Let j(q) = -8*q**2 - 1. What is j(a)?
-9
Let x(y) = y. Let o be x(2). Let j(z) = 5*z**2 + 2 + z**3 - 5 + 0 + 2*z + o. Determine j(-4).
7
Let c(l) be the third derivative of l**6/120 + l**5/15 - 5*l**3/6 - 17*l**2. Determine c(-4).
-5
Let k be (-4)/10 - 85/(-25). Let l(b) be the first derivative of b**2 + k*b + b**3 - 2 - 1/4*b**4. Calculate l(4).
-5
Suppose 0 = 178*z - 175*z. Let a(l) be the third derivative of -l**4/24 + l**3/3 + l**2. Determine a(z).
2
Let f(x) = -x**2 - x. Let k(s) = -4*s. Let g(v) = f(v) + k(v). Suppose -5*l - 14 = 6. Give g(l).
4
Let l(g) = 21 + 2*g - 3*g - 21. What is l(-9)?
9
Suppose -15 - 5 = -5*y. Suppose -12 = p - y*p. Let s(v) = -v**2 - v**3 - p - 2 + 5. Determine s(-2).
3
Let j(g) = -8*g**2 + g + 5 + 0 - 417*g**3 + 418*g**3. Calculate j(8).
13
Let a = 0 + 2. Let y(s) = -a*s + 2*s - 3*s. Let m be 4/22 - 24/11. Determine y(m).
6
Let d(r) = -r**3 + 3*r**2 - 4*r + 3. Let v(u) = u**3 - 5*u**2 + u + 3. Let c be v(5). Let p = c - 6. Calculate d(p).
-1
Let q(n) = n. Let h(k) = k**2 - k + 2. Let t be h(2). Suppose 5*s - w - 3 = 4*s, 3*w + 4 = -2*s. Let l = s - t. Calculate q(l).
-3
Suppose -8*x = -9*x + 6. Let m(z) = z**2 - 13*z + 6*z + 6*z**2 + x*z. Give m(-1).
8
Let p(v) = v**2 + 4*v + 4. Let q = -5 - -2. Let n = q - -1. Let i be n/(-1)*(-2)/1. Give p(i).
4
Suppose 4 = 5*p - 11. Let w(d) be the first derivative of -d**4/4 + d**3 + d**2/2 + 4*d - 1. Calculate w(p).
7
Let r be ((-875)/10)/7*(-4)/10. Let l(k) = -k + 5. What is l(r)?
0
Let o(s) = -s**3 + 6*s**2 - 2*s - 1. Let j be o(5). Let t be -2*(-1 - j/(-4)). Let m(u) = -10*u + 1 + 11*u + 0. Determine m(t).
-4
Let r(h) = -h**3 + 5*h**2 - 6*h + 3. Suppose 2*u = 3*d + 1, 3*u + 3*d + 6 = -0. Let k = u + 5. Calculate r(k).
-5
Let x(f) = f - 9. Let t be x(11). Let d(k) = -t*k + 51 - k**2 - 51. Determine d(2).
-8
Let p be 6/4 + 10/4. Let o(c) = c**3 - 5*c**2 + 5*c + 3. Calculate o(p).
7
Let p = -41 + 247/6. Let b(t) be the third derivative of -p*t**3 + t**2 + 0*t - 7/24*t**4 + 0. Determine b(1).
-8
Let p(j) = j**2 + 2*j + 2. Let z(a) = -2*a**2 - 4*a - 3. Let y(f) = -7*p(f) - 4*z(f). Suppose 0 = -2*q - 2*q + 8. What is y(q)?
6
Let c(y) = -y**2 - y + 2. Let u = 9 - 6. Let g(j) = -j**3 + 4*j**2 - 2*j. Let t be g(u). Suppose 12 = v + t*v. Determine c(v).
-10
Let f(s) be the second derivative of s**4/12 + 5*s**3/6 + s**2 - 16*s. Let b = -1 - 4. Calculate f(b).
2
Let 